(z) = 19*z + 6. Suppose -9*p + d = -6*p + 7, -2*p - d = 8. Give s(p).
-51
Let m(i) be the first derivative of i**4/12 - 5*i**3/6 - i**2 - 7*i - 43. Let a(o) be the first derivative of m(o). Calculate a(7).
12
Suppose -3*d = -3, 5*z + 4*d + 11 = 10*z. Let q(x) = 5*x - 13*x + 5*x + 3. Calculate q(z).
-6
Let x(s) be the first derivative of -9*s - 4*s**2 - 6 + 5/3*s**3 + 1/4*s**4. Let w(y) = -2*y. Let u be w(3). Calculate x(u).
3
Let k(w) = 2*w + 9. Let n(q) = -2*q + 4. Let h be n(0). Suppose -1 = 3*l - h*i - 10, 0 = l + 2*i + 7. Let x = l + -5. Give k(x).
-3
Let d(v) = 1 - 5*v**2 + 5*v - v - 3*v. Suppose 3*f = 2*f + 2. Suppose -s = f*s + 3. Calculate d(s).
-5
Let g(k) = -2*k**2 + 6*k. Suppose 24*r = 25*r + 5, -4*y + 44 = -4*r. Determine g(y).
-36
Let t(x) be the third derivative of x**4/24 + x**3/3 - x**2. Let s(v) = v**3 - 9*v**2 - 28*v + 61. Let m be s(11). Give t(m).
-3
Suppose -2*p - 1 = -0*r + 3*r, 0 = -4*p + 16. Let k be 0/(2 + 0 + r). Let d(q) be the first derivative of q**4/4 - q**2/2 - 5*q - 9. Give d(k).
-5
Suppose -2*k + 1 = -k. Suppose -4*f + k + 11 = 0. Let x(j) = 9*j**2 + 2*j - 4*j + f*j. Calculate x(-1).
8
Let i(w) = -119*w + 2*w**3 + 6*w**2 - 3*w**3 + 120*w - 1. Let a = 15 - 10. Let q = a - -1. Calculate i(q).
5
Let y(j) = -2*j. Let b = -23 - -28. Let q = 7 - b. Calculate y(q).
-4
Let i(u) = 3*u**2 - 8*u - 4. Let c(h) = -3*h**2 + 10*h + 4. Let n(w) = -5*c(w) - 6*i(w). Give n(3).
-29
Let l(i) = -3*i**2 - 11*i - 71. Let t(r) = -r**2 - 4*r - 24. Let y(g) = -3*l(g) + 8*t(g). Give y(0).
21
Let r(t) = t**3 - 4*t**2 + 4*t - 2. Suppose 0 = -5*h, -9 = -l - 2*h - h. Let m = 10 - l. Let p(x) = 3*x. Let n be p(m). What is r(n)?
1
Let t(x) = x**3 + 4*x**2 - 7*x + 3. Let m(c) = c**2 + 16*c + 42. Let g be m(-12). Calculate t(g).
-27
Let d(h) = h - 1. Suppose 28*b - 8*b = 200. Determine d(b).
9
Let x be 9*(-1)/(-3) + 3. Suppose -n + x*n + 10 = -5*k, 2 = 4*k - n. Suppose 4*h - 20 = k, 4*c + h - 5*h = -32. Let m(l) = l**2 - 2. Give m(c).
7
Let d be 0 + -2 + 1 - 3. Let g = -1 - d. Let j(q) be the second derivative of -q**5/20 + q**4/6 + q**3/3 + q**2/2 + 7*q - 1. Give j(g).
-2
Let u(i) = -3*i - 1. Suppose 4*k - 3*k + 4 = 0. Let h be k/(-6)*15/(-10). What is u(h)?
2
Suppose -2*d = -6*d + 8. Let n be ((-1)/d)/(2/24). Let q(b) = -b**2 - 7*b - 5. Calculate q(n).
1
Let y(i) be the third derivative of i**6/120 - i**5/60 - i**4/24 - 8*i**3 - 5*i**2 + 12. Determine y(0).
-48
Let b(v) be the first derivative of -v**2/2 + 8*v - 4. Let y(z) = z - 5. Suppose -c - 7 + 18 = 0. Let o be y(c). Calculate b(o).
2
Let g = 5 - 7. Let b(a) = 26*a + 30. Let o(c) = 14*c + 17. Let r(w) = 4*b(w) - 7*o(w). Determine r(g).
-11
Let f(s) be the second derivative of s**4/12 + s**3/6 - 7*s**2 - 180*s. Determine f(4).
6
Let t(n) = n + 14. Let c(v) = -9*v**2 - 32*v + 3. Let o be c(-4). What is t(o)?
1
Let j(m) = -m**3 + 14*m**2 + m - 4. Let w = -2793 + 2807. Determine j(w).
10
Let i(h) = -2*h + 6. Suppose -21*m + 10*m = -88. Give i(m).
-10
Let z(j) = -2*j - 16. Let n(b) = b + 9. Let c(p) = -11*n(p) - 6*z(p). Suppose 7 = -4*k + 35. Suppose 12 = k*l - 4*l. What is c(l)?
1
Suppose 12 = -78*p + 74*p - n, -12 = 4*p + 2*n. Let k(u) = u**3 + u**2 - 3*u - 1. Give k(p).
-10
Let q be 4/4 + -1 + 21. Let h = 16 - q. Let y(t) = -12*t + 3*t + 7*t. What is y(h)?
10
Let d(a) = -33*a + 2157*a**2 + 10*a**3 - 1 + 31*a - 2159*a**2. What is d(-1)?
-11
Let f be 6 - (-8 + 5) - 6. Let d(x) = -8*x + 3. Calculate d(f).
-21
Let g(p) = -2*p - 3. Suppose 2*c - 4*y = -9*y + 5, 4 = 4*y. Suppose 3*f - 6*f - 36 = c. Let z be (f/15)/(1/5). Calculate g(z).
5
Let p(n) = 3*n + 2. Suppose 24*h - 12 + 36 = 0. What is p(h)?
-1
Let f(y) = 689 - 1378 + 685 - y. Determine f(-1).
-3
Let b = -495 - -496. Let s(k) = -19*k**3 + k**2 + k - 1. Give s(b).
-18
Let s(z) = z - 4. Suppose -4*f - 41 = -1. What is s(f)?
-14
Let y(s) = s**2 + 7*s + 5. Let w be y(-7). Suppose -w*q = -3*q - 24. Let t(x) = x + 8 + 2 - q. What is t(-4)?
-6
Let s(i) = i + 3*i - 3*i + 790 + 2*i - 786. Let x(m) = -2*m - 4. Let u be x(-5). Give s(u).
22
Let b be (-150)/35 + (-2)/(-7). Let h(g) = -8*g**2 + 15*g + 23. Let j(k) = -3*k**2 + 5*k + 8. Let w be -22*(4/8)/1. Let x(z) = w*j(z) + 4*h(z). Give x(b).
0
Let i(z) be the third derivative of -z**5/12 + z**4/24 + z**3/6 - 12*z**2. Let r(m) = -9*m**2 + m + 2. Let d(k) = -5*i(k) + 3*r(k). What is d(-2)?
-3
Let w(h) = h**3 - 13*h**2 - 14. Suppose 44*d = 361 + 211. What is w(d)?
-14
Let q(z) = 7*z**3 - 10*z**2 - 3*z - 15. Let c(l) = 16*l**3 - 21*l**2 - 10*l - 31. Let y(s) = -4*c(s) + 9*q(s). Determine y(-8).
13
Let t(a) = a**2 - a + 3. Let w be (1 + 0)/(36/144). Determine t(w).
15
Let p = 4342 + -4346. Let o(w) = -8*w - 10. Let k(x) = -9*x - 11. Let f(n) = -5*k(n) + 6*o(n). Give f(p).
7
Let l be 15/3*(-8)/(-10). Suppose 4*q - 24 = -4. Let b(f) = -4*f**2 + 0*f - q + 3*f + 3*f**2 + 3*f. Give b(l).
3
Let l(i) = 35*i - 27*i + i**2 - 5*i - 14*i + 5. Calculate l(12).
17
Let n(j) be the first derivative of j**2 + 2*j - 8. What is n(-4)?
-6
Let l(v) = -9*v**3 + 3*v**3 + 2*v**2 - 10 - 8 + 17. Let m(h) = h - 6. Let d be m(7). Determine l(d).
-5
Let a(k) be the third derivative of k**4/8 - 35*k**3/6 - 618*k**2. What is a(10)?
-5
Let z(c) = -6*c + 2*c + 2 - 1. Let a(q) = -16*q + 4. Let i = -43 - -34. Let f(o) = i*z(o) + 2*a(o). Calculate f(-2).
-9
Let h be (3 - 16/5) + (-342)/(-10). Let j = 34 - h. Let k(f) = -f - 9. Let w(o) = -o - 10. Let a(y) = 3*k(y) - 4*w(y). Calculate a(j).
13
Let z = -52 - -52. Let x(r) = -r**2 - r - 24. Calculate x(z).
-24
Let c(a) = a**3 - 11*a**2 - 7. Let b(r) = 2*r**2 + r + 1. Let m(u) = 4*b(u) + c(u). Give m(2).
1
Let r(g) = -9*g**2 - g. Suppose -2*o - 4*p - 26 = 0, 2*p - 1 + 5 = 0. Let f = 12 + o. Suppose w = -2*w - f. What is r(w)?
-8
Suppose -3*c + 4 = -5. Suppose c*y + 2*y = 4*g - 5, g - 15 = 4*y. Let b(u) = -u - 4. Calculate b(g).
1
Let r = 128 - 117. Let w(s) = s**2 - 8*s - 28. Determine w(r).
5
Suppose 0 = -2*a + 2*k + 16, 7*a - 4*a - 4*k - 26 = 0. Let n(b) = -11 + 3*b + 0*b**3 - a*b**2 + 3 + b**3. Suppose -25*c + 42 = -7*c - 11*c. Calculate n(c).
10
Let k(w) = -w**2 + 5*w + 4. Let f be k(5). Let a be (9*(-3)/(-54))/((-2)/f). Let y(l) = -5*l + 1. What is y(a)?
6
Let w(x) = -x**3 + 6*x**2 - 3*x - 5. Let f = 54 - 37. Suppose -f = j - 21. Give w(j).
15
Suppose 0 = 4*t + 62 - 158. Suppose 2*l = 6*l + t. Let c(h) = 1 + h**3 + 4 + 6*h**2 - 3. Calculate c(l).
2
Suppose 41*m = 7*m - 136. Let u(y) = -y**2 - 7*y - 7. Give u(m).
5
Let p(d) be the first derivative of d**4/4 - 4*d**3/3 + 3*d**2 - 101. Determine p(4).
24
Let m(o) = -5*o - 4. Let b(a) = -a. Let j(r) = -3*b(r) + m(r). Determine j(-5).
6
Let g = 879 - 881. Let o(x) = 5*x + 5. Determine o(g).
-5
Let m(q) = -9*q**2 - 6*q. Let r(l) = -3*l**2 - 2*l. Let t = -24 - -28. Let b(a) = t*m(a) - 11*r(a). Determine b(-2).
-8
Let n(y) be the first derivative of -y**2 - 7*y + 183. Determine n(-3).
-1
Let o(l) = -l - 4. Let u(k) = -20*k**2 - 23*k + 23. Let q(n) = 7*n**2 + 8*n - 8. Let x(m) = 17*q(m) + 6*u(m). Let y be x(-4). What is o(y)?
2
Let u(b) = -2*b + 5. Let s be u(6). Let w(z) = -2*z + 10 + z - 4. Give w(s).
13
Let n(h) = 5*h**3 + h**2 + h - 1. Suppose -3*y = 6 + 6. Let v(m) = 6*m - 3. Let s(b) = 5*b - 3. Let u(q) = 7*s(q) - 6*v(q). Let c be u(y). Give n(c).
6
Let d(f) be the second derivative of 2*f - 1/3*f**3 + 1/2*f**2 + 0. Let w(v) = -34*v - 98. Let r be w(-3). Give d(r).
-7
Let t(x) = -x**2 - 12*x - 26. Let h(n) = -n**3 + 12*n**2 - 36*n - 1. Let g be h(7). What is t(g)?
6
Let n be -1 + 2*(2 + -1). Let f(x) = 2*x + 9. Let q = 222 - 226. Let w(o) = -4*o - 11. Let d(y) = q*w(y) - 5*f(y). Give d(n).
5
Suppose -2*p = -p + 3. Let l(b) be the third derivative of b**4/24 + b**3/6 - 25*b**2. Calculate l(p).
-2
Let c(q) = 52*q**2 + 5*q - 5. Let g(s) = -24*s**2 - 2*s + 2. Let m(i) = 2*c(i) + 5*g(i). Calculate m(1).
-16
Let g be (-1)/3 + 7/3. Suppose g*q + 2*q = 28. Let h(c) = -c**2 - c - 2. Let o(l) = 5*l**2 - 2*l + 6. Let b(a) = 4*h(a) + o(a). Calculate b(q).
5
Let c(u) = 7*u**2 + 2*u - 2. Let q be c(1). Suppose -q = -8*j + 17. Let o(d) = 10 + j*d + 3*d**3 - d**2 - 9 - 3*d. Determine o(1).
3
Let d(y) = -y**3 - 12*y**2 - 9*y + 5. Let t(p) = -11*p**3 + 2*p**2 - p - 1. Let c be t(1). Give d(c).
-17
Let q(s) = -8*s - 1. Suppose 7*z - 7 = -14. Determine q